t is 3 - 2?
1
In base 9, what is 0 + -111?
-111
In base 2, what is -101010100 - -1010?
-101001010
In base 6, what is -1 - 1140?
-1141
In base 10, what is 16 + 44?
60
In base 14, what is 23 + -6a?
-47
In base 2, what is 1110101 - -1111101?
11110010
In base 5, what is -41 - 12?
-103
In base 16, what is -14 + -2?
-16
In base 13, what is 1 + 2a3?
2a4
In base 8, what is 1 - -5?
6
In base 4, what is 0 - -2112?
2112
In base 5, what is -214234 - -3?
-214231
In base 3, what is 200112 - -2?
200121
In base 4, what is 2 + 23101?
23103
In base 15, what is -183 + -1d?
-1a1
In base 4, what is -13 + 2132?
2113
In base 11, what is -13 - 21?
-34
In base 13, what is 8 - -1a9?
1b4
In base 9, what is -3 - -104?
101
In base 11, what is -2 + -a3?
-a5
In base 4, what is 1010213 - -10?
1010223
In base 11, what is 3 - -35?
38
In base 6, what is 1535 + -41?
1454
In base 16, what is 4 + -1f?
-1b
In base 5, what is -2 + -1011?
-1013
In base 4, what is -3311 + 0?
-3311
In base 10, what is -2965 + -3?
-2968
In base 2, what is -101 + 1000110?
1000001
In base 16, what is -3 - 4b?
-4e
In base 11, what is 1 - -258?
259
In base 6, what is 2 + 152?
154
In base 3, what is -12210 - 1?
-12211
In base 14, what is -1 - -99?
98
In base 5, what is -21 + 0?
-21
In base 11, what is -2 - 295?
-297
In base 7, what is 5 + -43?
-35
In base 10, what is 1 - -867?
868
In base 3, what is 201 + 1100200?
1101101
In base 13, what is -1a4 + -1?
-1a5
In base 12, what is -5 - 266?
-26b
In base 13, what is -224 + -17?
-23b
In base 6, what is 0 - -41?
41
In base 4, what is -21323 + -30?
-22013
In base 3, what is -100022 + 12?
-100010
In base 14, what is b - b?
0
In base 3, what is -1112 + 1010?
-102
In base 15, what is -d - d?
-1b
In base 15, what is -4 + -8?
-c
In base 11, what is 4 - 8a6?
-8a2
In base 11, what is -580 - 9?
-589
In base 15, what is -11c - 5?
-122
In base 14, what is 37 - 3?
34
In base 4, what is 111 - 301?
-130
In base 13, what is 3 + 9?
c
In base 6, what is 0 + 152?
152
In base 6, what is -1 + 101?
100
In base 7, what is -4 - 52?
-56
In base 3, what is 10 + -20211?
-20201
In base 6, what is 453 - -5?
502
In base 16, what is -4 - -1e?
1a
In base 13, what is -344 + 4?
-340
In base 14, what is -2 - -3d?
3b
In base 11, what is 3 - 0?
3
In base 5, what is 111 + -43?
13
In base 4, what is -12222 + 3?
-12213
In base 7, what is 2 + -633?
-631
In base 7, what is 0 + 134?
134
In base 5, what is -1 + -213?
-214
In base 13, what is 3 + -155?
-152
In base 6, what is 11 - 5003?
-4552
In base 13, what is -b - -1?
-a
In base 15, what is 1e6 - 4?
1e2
In base 14, what is -3c + -9?
-47
In base 11, what is 1160 - -7?
1167
In base 14, what is -a - -8?
-2
In base 15, what is -10 + 1a1?
191
In base 2, what is 101 + -100000?
-11011
In base 13, what is -4 + -94?
-98
In base 8, what is 54 - 0?
54
In base 8, what is 645 - 3?
642
In base 16, what is -5 - -11?
c
In base 10, what is 4 + 58?
62
In base 7, what is 55 - -6?
64
In base 3, what is -1020 + 2201?
1111
In base 9, what is 2 + 6771?
6773
In base 7, what is 1 + 26?
30
In base 13, what is 32 + 50?
82
In base 9, what is 813 - 5?
807
In base 16, what is -64 + -12?
-76
In base 15, what is -1 + -3ed?
-3ee
In base 12, what is -104 - 5?
-109
In base 12, what is -20b3 + 5?
-20aa
In base 6, what is 54 + -15?
35
In base 4, what is -22101 + -11?
-22112
In base 7, what is 13 + -1555?
-1542
In base 16, what is -2 + -4a?
-4c
In base 11, what is 17 - 1?
16
In base 16, what is -3f5 - -1?
-3f4
In base 11, what is 61 + -2?
5a
In base 9, what is -51 + 44?
-6
In base 15, what is 1 - -6?
7
In base 7, what is -1461 + -1?
-1462
In base 11, what is -12aa + -1?
-1300
In base 9, what is -20 + 0?
-20
In base 11, what is -98 + 3?
-95
In base 7, what is 4 - -111?
115
In base 12, what is -4 + -111?
-115
In base 7, what is -2113 - -2?
-2111
In base 11, what is 2 - -22?
24
In base 5, what is 2011 + -4?
2002
In base 10, what is -1 + 2826?
2825
In base 16, what is 4 + -19b?
-197
In base 5, what is -41041 + -3?
-41044
In base 2, what is 1011 - 1101001000?
-1100111101
In base 8, what is 140 + -5?
133
In base 15, what is 2 + -44e?
-44c
In base 2, what is 0 - -111011111?
111011111
In base 4, what is 33003 + 1?
33010
In base 3, what is 1100 - -1102?
2202
In base 3, what is 0 + -1200?
-1200
In base 4, what is -1031 - -203?
-222
In base 4, what is 3 + -203?
-200
In base 8, what is -665 + 2?
-663
In base 2, what is -100100 - -1011111?
111011
In base 14, what is 230 + -2?
22c
In base 10, what is -548 - 2?
-550
In base 5, what is 4 + 3114?
3123
In base 11, what is -4 + -104?
-108
In base 6, what is 24 - -14?
42
In base 6, what is 14 + 21?
35
In base 5, what is -24 + 4343?
4314
In base 9, what is 3 - -2316?
2320
In base 15, what is 76d + 2?
770
In base 4, what is -1130 - 31?
-1221
In base 2, what is 110 + -1101011?
-1100101
In base 16, what is -5fd - 3?
-600
In base 9, what is -38635 - 0?
-38635
In base 3, what is -2 + 220021?
220012
In base 8, what is 725 + 2?
727
In base 10, what is 1592 - 4?
1588
In base 10, what is -43 - 15?
-58
In base 15, what is -8dc5 - 4?
-8dc9
In base 12, what is -1 + -18?
-19
In base 2, what is -1011 - 101000?
-110011
In base 13, what is 4b - 0?
4b
In base 10, what is -23 + 13?
-10
In base 4, what is -1210311 + -11?
-1210322
In base 15, what is -8ec + -4?
-901
In base 2, what is -101 - 1001?
-1110
In base 15, what is a8 - -1?
a9
In base 5, what is 142 + 4?
201
In base 6, what is -424 - 4?
-432
In base 8, what is -245 - 1?
-246
In base 5, what is 2224 + -23?
2201
In base 11, what is 675 - 5?
670
In base 3, what is 110 + 200?
1010
In base 9, what is -23 + 8?
-14
In base 5, what is 0 + 3034?
3034
In base 6, what is 103 + -31?
32
In base 9, what is -4 + -140?
-144
In base 4, what is 23022 + 100?
23122
In base 16, what is 0 + cc?
cc
In base 9, what is -5 + -1750?
-1755
In base 13, what is 2 - -47?
49
In base 10, what is 1 - 40?
-39
In base 6, what is 10052 - 3?
10045
In base 11, what is -243 - -a?
-234
In base 2, what is 101111100 + -11?
101111001
In base 4, what is -11 + -130000?
-130011
In base 5, what is 43 - -411?
1004
In base 13, what is 17c - 0?
17c
In base 6, what is 3 + 30?
33
In base 13, what is 4 - -79?
80
In base 10, what is -424 - -4?
-420
In base 8, what is 66 + 13?
101
In base 12, what is 1b - b?
10
In base 12, what is 3 + -82?
-7b
In base 4, what is 3 - 1032?
-1023
In base 6, what is 503 + -10?
453
In base 7, what is 2520 - 2?
2515
In base 2, what is -101 - 1010?
-1111
In base 2, what is -10111011101100 - -10?
-10111011101010
In base 9, what is 1 + -26?
-25
In base 15, what is -5 - 106?
-10b
In base 7, what is 164145 - -2?
164150
In base 12, what is -3b0 - 3?
-3b3
In base 2, what is -1011 + 1?
-1010
In base 11, what is -3 + 60?
58
In base 7, what is 122 + 1?
123
In base 5, what is 0 - -12322?
12322
In base 6, what is 12 + -130?
-114
In base 11, what is 1068 + -5?
1063
In base 16, what is 17 - 3?
14
In base 12, what is 11924 + 5?
11929
In base 6, what is -4432 - -5?
-4423
In base 2, what is 10000 + 1011?
11011
In base 5, what is -1122 + -1?
-1123
In base 16, what is 3 + 8b?
8e
In base 15, what is 7 + 11?
18
In base 5, what is -42 - 41?
-133
In base 7, what is 3 - 26?
-23
In base 3, what is -11 + -10?
-21
In base 10, what is 4 + 0?
4
In base 6, what is -1 + -203?
-204
In base 2, what is 1101 + 1001011101?
1001101010
In base 8, what is -20 - -15?
-3
In base 6, what is 1 - -5?
10
In base 12, what is 0 - -244?
244
In base 3, what is 1100 + 221?
2021
In base 4, what is 11 + -20033?
-20022
In base 15, what is 1 - -2?
3
In base 11, what is 4 - 26?
-22
In base 16, what is -5 - -6?
1
In base 9, what is 0 - -1184?
1184
In base 8, what is 71 + 0?
71
In base 7, what is 1 - 42?
-41
In base 11, what is 460 + -1a?
441
In base 4, what is -2 + 1223?
1221
In base 2, what is 1110 - 0?
1110
In base 9, what is -26 + -33?
-60
In base 9, what is 4 + -63?
-58
In base 10, what is -135 - -6?
-129
In base 6, what is -13543 + 10?
-13533
In base 6, what is -3 + 153?
150
In base 9, what is 16 - -14?
31
In base 3, what is -1 - -1100?
1022
In base 2, what is -100011010 - 10?
-100011100
In base 10, what is -18 - 5?
-23
In base 5, what is -1 + 144?
143
In base 15, what is -49 + 3?
-46
In base 4, what is 133 - 1232?
-1033
In base 13, what is 2a8 + 1?
2a9
In base 2, what is 11 + -1010?
-111
In base